 y and 13.
13
Suppose 0*x - 4 = -x. What is the highest common divisor of x and 5?
1
Suppose -4*x - 14 = -126. Let i be 408/56 + (-2)/7. Calculate the highest common divisor of i and x.
7
Let c(i) = -i + 6. Let v be c(-5). Suppose 0 = o - 0*o - 11. Let q be (4 + (-3 - -5))*o. Calculate the highest common divisor of v and q.
11
Let g = 0 + 14. Suppose w = 4*v - 52, 2*v = 4*w - 6 + 18. Calculate the highest common divisor of v and g.
14
Let f(u) = 15*u - 15. Let r(m) = -8*m + 7. Let j(d) = 3*f(d) + 5*r(d). Let z be j(7). Let a be z - (0 - 0/3). Calculate the highest common divisor of a and 5.
5
Suppose -y + 25 = 17. What is the highest common factor of 216 and y?
8
Let h = 28 - 10. Calculate the greatest common factor of h and 36.
18
Let o(h) = 5*h**3 + 2*h - 1. Let j be o(1). Let d = j + -2. Let s be -24*((-16)/(-12))/(-1). Calculate the greatest common divisor of d and s.
4
Let m(n) = -2*n**2 - n + 1. Let p be m(2). Let j = 15 - p. Suppose 0 = -3*o - o + j. What is the greatest common divisor of o and 4?
2
Suppose -2*n = -40 - 10. What is the greatest common factor of n and 10?
5
Let g(w) = -410*w. Let v be g(-1). Suppose -v = -3*d - 0*d - i, i + 400 = 3*d. Let k be 55 + -3 + (2 - 0). What is the greatest common divisor of k and d?
27
Suppose -2*a + 4*c = -0*a + 30, 3*a = c - 65. Let k = a - -32. What is the highest common divisor of k and 81?
9
Let k(f) = -f - 3*f - f**2 - 3*f + 11. Let y(x) = -4*x + 12. Let o be y(5). Let q be k(o). Calculate the highest common factor of 6 and q.
3
Suppose -4*c - 175 = -5*v - 33, 3*c = -2*v + 43. What is the greatest common divisor of v and 104?
26
Let t(m) = -m**3 - m**2 + 5. Let n be t(0). Suppose -g + 6*g = x + 335, -4*g = n*x - 239. What is the greatest common divisor of g and 6?
6
Suppose -g + 10 = 3*v, 0 = 3*v - 2*g - 0*g - 25. Suppose -5*w + 520 = 5*m, v*m - 4*w + 7*w = 522. What is the greatest common factor of 15 and m?
15
Suppose 179 + 37 = u. What is the greatest common divisor of 54 and u?
54
Let i = -41 - -44. Calculate the greatest common factor of i and 21.
3
Let k be 2 - ((-75)/9 + (-1)/(-3)). Calculate the highest common factor of 80 and k.
10
Let g be 693/27*1*3. Calculate the highest common factor of g and 7.
7
Suppose f + 5*f - 6 = 0. Let d be (40/30)/(f/15). Suppose -5*m + 3*g + 95 = -2*g, 0 = -5*g + 5. Calculate the greatest common factor of d and m.
20
Let m be (-1)/(-4) - 574/(-8) - 3. What is the greatest common divisor of m and 3?
3
Let g(v) = -v**2 - 9*v + 12. Let c be g(-9). Calculate the highest common factor of c and 108.
12
Suppose -5*z + 96 = -4*z. Suppose 3*y = -0 - 6. Let t(r) = -7*r - 2. Let x be t(y). What is the greatest common factor of x and z?
12
Let y be 90/8 + (-3)/(-4). Suppose 0 = 6*w - 5*w - y. Calculate the highest common divisor of 96 and w.
12
Let j = -20 + 11. Let k be 2 - (-6)/j*3. Suppose k = -4*o + 3*q + 389, -377 = o - 5*o - q. What is the greatest common divisor of 38 and o?
19
Suppose 0*t = 2*t - 104. Suppose 16 - t = -3*y. Let n be 0 - (-49 - 0) - 1. What is the greatest common factor of y and n?
12
Let k(s) = s**3 - 4*s**2 - 3*s + 4. Let w be k(5). Suppose z + 3 - w = 0. What is the greatest common factor of 99 and z?
11
Let f(n) = -n**2 + 8*n - 5. Let i be f(4). Let t(k) = -k - 4. Let w be t(-5). What is the greatest common factor of w and i?
1
Let n be 12/(-3)*(-2)/4. Suppose -3*j = m + 12, -4*m + 2*j - 56 = 34. Let l be 6/m - 468/(-21). Calculate the highest common divisor of n and l.
2
Let d(h) = -h**3 + 6*h**2 + 5*h - 9. Let w be d(6). Suppose -w = -g - 2*g. Suppose 0 = -3*s - 5 + 89. Calculate the greatest common factor of s and g.
7
Suppose 335 = 5*d + f, -5*d - f + 305 = -6*f. What is the greatest common divisor of 6 and d?
6
Suppose 0*o - 6 = 2*g + 4*o, -2*o + 3 = 3*g. What is the greatest common factor of g and 12?
3
Let i = 16 - 8. Let m be (-6)/(-4) - (-4)/i. Suppose -4*g + 79 - 7 = 0. Calculate the highest common factor of g and m.
2
Suppose 3*a + 2*c = 24, -5*a + 5*c + 21 = 2*c. Let p be a + 29 + (-2 - -2). Calculate the highest common factor of p and 5.
5
Let w = -41 + 111. Let k be (-2)/6 + 43/3. Calculate the greatest common factor of w and k.
14
Suppose 0*j - 2*j = 1030. Let v = -229 - j. Suppose 4*x - 6*x = -v. Calculate the highest common divisor of 13 and x.
13
Suppose 470 = 3*q + 92. What is the greatest common divisor of q and 14?
14
Suppose -2*m - 5*m + 224 = 0. What is the greatest common factor of 32 and m?
32
Suppose 2*m = -0*m + 12. What is the greatest common factor of m and 48?
6
Suppose -37 = -2*l + 3*m, 6*l = 3*l - 2*m + 49. Let n = -249 + 436. What is the greatest common factor of n and l?
17
Let d(v) = v**2. Suppose -3*t - 28 = 4*u, 4*u - 2*t - t + 4 = 0. Let c be d(u). What is the greatest common divisor of c and 8?
8
Suppose 52 - 292 = -2*q. Let w = 9 + 3. What is the greatest common divisor of q and w?
12
Let u be (3/(-6))/(2/(-12)). Let t be -10*4/(-6)*u. What is the highest common divisor of t and 5?
5
Let h(r) = 78*r. Let x be h(1). What is the greatest common divisor of 6 and x?
6
Let t(d) = 2*d - 12. Let j be t(9). Calculate the greatest common divisor of 12 and j.
6
Let l = 184 - 103. Calculate the greatest common factor of 9 and l.
9
Let l(f) = 12*f - 4. Let n be l(-3). Let j be 2/16 + (-515)/n. What is the highest common factor of j and 65?
13
Let s = -2 - 0. Let y be 40/(-15)*3/s. Let h be 15 - 0 - -4 - -1. What is the greatest common factor of y and h?
4
Suppose -4*a = o - 15, 3 + 0 = -3*o + 4*a. Calculate the highest common factor of o and 12.
3
Let m(w) = w + 3 - 4 + 0*w. Let q be m(8). Calculate the highest common factor of q and 7.
7
Let o be -3 + (99 - -2 - -1). What is the greatest common factor of o and 11?
11
Suppose 60 = 87*d - 84*d. What is the greatest common divisor of d and 110?
10
Suppose i = 6*i. Suppose i = -y + 3*y - 42. Suppose -5*x + y = -9. Calculate the greatest common divisor of 42 and x.
6
Let d(a) = -13*a - 2. Let y be d(-2). Calculate the greatest common factor of y and 16.
8
Suppose -24*t - 210 = -29*t. Let g = -17 - -31. What is the greatest common divisor of t and g?
14
Suppose 2*b = -b + 105. Suppose 3*z - 3*d = -2*z + 41, 0 = d + 2. Calculate the greatest common divisor of z and b.
7
Let w be (4/5)/((-1)/(-10)). Suppose -5*x = 4*a - 26, 2*x - w = 6*x - 4*a. Calculate the highest common factor of x and 3.
1
Suppose 2*l = 5*k - 10, 3*l - 4 = 2*k - 4*k. Calculate the greatest common factor of 10 and k.
2
Let g be ((-8)/12)/(2/(-3)). What is the highest common divisor of 1 and g?
1
Let m(x) = -x**3 + 2*x**2 + 3*x - 4. Let f be m(3). Let h be ((-6)/f)/((-12)/(-320)). Suppose 0 = 5*s - 74 - 6. Calculate the highest common factor of s and h.
8
Let v(a) = -8*a - 2. Let w be (-2 - -3)/(-1)*-5. Let j be ((-2 + w)*1)/(-1). Let x be v(j). Calculate the greatest common factor of x and 33.
11
Suppose 3*m + 107 - 296 = -5*s, 5*m = s - 21. Let v be 1/((-1*3)/(-27)). What is the highest common divisor of s and v?
9
Suppose 43 = 5*l - 2*f, 0 = 2*l - 3*f - 15 - 0. Suppose -7*y + l*y - 4 = 0. Calculate the highest common factor of y and 22.
2
Suppose -v - 10 = -4*y + 21, -2*v + 2*y - 50 = 0. Let n = 17 - v. Suppose 3*x = 3*l + 66, 3*x + x - l = 82. Calculate the greatest common divisor of n and x.
20
Let q(k) = k**2 + 4*k - 5. Let a be q(-7). Calculate the greatest common divisor of a and 32.
16
Let a = 17 - 6. Suppose -16 = -3*o - 4. Let f = 5 - o. What is the highest common divisor of f and a?
1
Let r(q) = -2*q + 7. Let k be r(-3). Let b be (1 - -1)*1 + 141. What is the highest common divisor of b and k?
13
Let h(z) = -z**3 - 10*z**2 + 10*z + 1. Let n be h(-11). What is the highest common divisor of n and 42?
6
Let m = -438 + 660. Calculate the highest common divisor of 37 and m.
37
Let q(m) = -m**3 - 7*m**2 - 7*m + 2. Let h be q(-6). Calculate the greatest common factor of h and 8.
8
Suppose 2*c + 30 = -3*c. Let r be 8/6*(-297)/c. Let k be r - (-2 - (-1 - 2)). Calculate the highest common factor of 26 and k.
13
Let n(s) = -1. Let w(x) = -54*x + 7. Let d(a) = -5*n(a) - w(a). Let c be d(1). Calculate the highest common factor of 13 and c.
13
Suppose 2*r = -0*r - 4*y + 16, r - 8 = -y. What is the greatest common divisor of 56 and r?
8
Let k(q) = -q**2 + 3*q. Let x be k(3). Suppose -5*i = -4*